{"id":9023,"date":"2025-10-01T18:12:50","date_gmt":"2025-10-01T16:12:50","guid":{"rendered":"https:\/\/podgorjesg.splet.arnes.si\/?page_id=9023"},"modified":"2025-10-01T18:16:30","modified_gmt":"2025-10-01T16:16:30","slug":"male-zmage","status":"publish","type":"page","link":"https:\/\/podgorjesg.splet.arnes.si\/?page_id=9023","title":{"rendered":"Male zmage"},"content":{"rendered":"\n<h3 class=\"wp-block-heading has-medium-font-size\">SODELOVANJE Z ZUNANJO IN\u0160TITUCIJO MALE ZMAGE \u2013 USTVARJANJE SODELOVALNEGA, VARNEGA IN SPODBUDNEGA \u0160OLSKEGA OKOLJA<\/h3>\n\n\n\n<p>V sodelovanju s podjetjem Male zmage, ki izvaja strokovna izobra\u017eevanja za u\u010ditelje, vzgojitelje, psihologe \u2026 bomo v&nbsp; \u0161olskem letu 2025\/2026 u\u010diteljice mag. Majda Tam\u0161e Horvat, prof. raz. pouka, Karin Sirovina Dvornik, prof. mat. in fiz. in Helena Korat, prof. slov. izvajale v 2., 7., 8. in 9. razredu dejavnosti za ustvarjanje in krepitev sodelovalnega, varnega in spodbudnega \u0161olskega okolja. Aktivnosti, ki bodo izvajane v okviru pouka, razrednih ur in ur raz\u0161irjenega programa, so namenjene:<\/p>\n\n\n\n<p>\u2013 uspe\u0161nemu prepre\u010devanju konfliktnih vedenj v razredu;<\/p>\n\n\n\n<p>\u2013 dobremu po\u010dutju in vzpostavljanju spodbudne klime v razredu;<\/p>\n\n\n\n<p>\u2013 krepitvi pozitivne samopodobe otrok;<\/p>\n\n\n\n<p>\u2013 spodbujanju \u010dustvene in socialne zrelosti otrok;<\/p>\n\n\n\n<p>\u2013 u\u010denju sodelovalnih iger;<\/p>\n\n\n\n<p>\u2013 prepre\u010devanju medvrstni\u0161kega in spletnega nasilja in<\/p>\n\n\n\n<p>\u2013 spodbujanju prosocialnega vedenja in solidarnosti otrok.<\/p>\n\n\n\n<p>Izvajanje dejavnosti za ustvarjanje in krepitev sodelovalnega, varnega in spodbudnega \u0161olskega okolja bo enoletno (od 1. 9. 2025 do 31. 8. 2026), dokumentirano in sistemati\u010dno. Obsegalo bo najmanj 15 ur. Rezultati, ki jih bodo te dejavnosti prinesle, bodo s strani zgoraj omenjenih u\u010diteljic predstavljeni na pedago\u0161ki konferenci. Aktivnosti se bodo izvajale kot prednostna naloga \u0161ole (22. \u010dlen, C razdelek, 19. alineja).<\/p>\n\n\n\n<p>Helena Korat<\/p>\n","protected":false},"excerpt":{"rendered":"<p>SODELOVANJE Z ZUNANJO IN\u0160TITUCIJO MALE ZMAGE \u2013 USTVARJANJE SODELOVALNEGA, VARNEGA IN SPODBUDNEGA \u0160OLSKEGA OKOLJA V sodelovanju s podjetjem Male zmage, ki izvaja strokovna izobra\u017eevanja za u\u010ditelje, vzgojitelje, psihologe \u2026 bomo v&nbsp; \u0161olskem letu 2025\/2026&#46;&#46;&#46;<\/p>\n","protected":false},"author":25249,"featured_media":0,"parent":0,"menu_order":0,"comment_status":"closed","ping_status":"closed","template":"","meta":{"ngg_post_thumbnail":0,"footnotes":""},"class_list":["post-9023","page","type-page","status-publish","hentry"],"_links":{"self":[{"href":"https:\/\/podgorjesg.splet.arnes.si\/index.php?rest_route=\/wp\/v2\/pages\/9023","targetHints":{"allow":["GET"]}}],"collection":[{"href":"https:\/\/podgorjesg.splet.arnes.si\/index.php?rest_route=\/wp\/v2\/pages"}],"about":[{"href":"https:\/\/podgorjesg.splet.arnes.si\/index.php?rest_route=\/wp\/v2\/types\/page"}],"author":[{"embeddable":true,"href":"https:\/\/podgorjesg.splet.arnes.si\/index.php?rest_route=\/wp\/v2\/users\/25249"}],"replies":[{"embeddable":true,"href":"https:\/\/podgorjesg.splet.arnes.si\/index.php?rest_route=%2Fwp%2Fv2%2Fcomments&post=9023"}],"version-history":[{"count":8,"href":"https:\/\/podgorjesg.splet.arnes.si\/index.php?rest_route=\/wp\/v2\/pages\/9023\/revisions"}],"predecessor-version":[{"id":9032,"href":"https:\/\/podgorjesg.splet.arnes.si\/index.php?rest_route=\/wp\/v2\/pages\/9023\/revisions\/9032"}],"wp:attachment":[{"href":"https:\/\/podgorjesg.splet.arnes.si\/index.php?rest_route=%2Fwp%2Fv2%2Fmedia&parent=9023"}],"curies":[{"name":"wp","href":"https:\/\/api.w.org\/{rel}","templated":true}]}}